{"id":50,"date":"2015-09-26T12:35:26","date_gmt":"2015-09-26T10:35:26","guid":{"rendered":"http:\/\/test.nordics.ch\/wordpress\/?page_id=50"},"modified":"2025-10-16T12:46:59","modified_gmt":"2025-10-16T10:46:59","slug":"local-links-fi","status":"publish","type":"page","link":"https:\/\/www.nordics.ch\/?page_id=50","title":{"rendered":"Finland Resources in Switzerland"},"content":{"rendered":"\n<figure class=\"wp-block-image\"><img src=\"..\/images\/img_links.jpg\" alt=\"\"\/><\/figure>\n\n\n\n<div class=\"spacer\"><span class=\"hed30\"><img loading=\"lazy\" src=\"..\/images\/flag_finland-sm.gif\" alt=\"Finland\" width=\"36\" height=\"22\" border=\"0\"> Finland<\/span><\/div>\n\n\n\n<div>&nbsp;<\/div>\n\n\n\n<div>&nbsp;<\/div>\n\n\n\n<div>This page highlights local Finnish resources for those living in the Geneva region, including Vaud and nearby parts of France, as well as key national institutions such as the embassy in Bern.<\/div>\n\n\n\n<h2>Embassies, Consulates, Missions<\/h2>\n\n\n\n<div class=\"float2\">\n<h3>Embassy<\/h3>\n<p>Botschaft von Finnland<br>Weltpoststrasse 4<br>Postfach 70<br>CH-3000 Bern 15<br>Tel: +41 31 350 41 00<br>Fax: +41 31 350 41 07<br>Email: <a href=\"mailto:info.bern@formin.fi\">info.bern@formin.fi<\/a><br>Web:&nbsp;<a href=\"http:\/\/www.finlandia.ch\/\" target=\"_blank\" rel=\"noopener noreferrer\">www.finlandia.ch<\/a><br>Facebook: <a href=\"https:\/\/www.facebook.com\/BotschaftvonFinnlandBern\" target=\"_blank\" rel=\"noopener noreferrer\">https:\/\/www.facebook.com\/BotschaftvonFinnlandBern<\/a><\/p><\/div>\n\n\n\n<p>Suomen suurl\u00e4hetyst\u00f6 Berniss\u00e4 tarjoaa konsuliapalveluita (passit, notaaripalvelut, viralliset todistukset), sek\u00e4 tietoa Suomen ja Sveitsin kahdenv\u00e4lisist\u00e4 suhteista.<\/p>\n\n\n\n<p><strong>Lis\u00e4tiedot ja yhteystiedot<\/strong>:<br><a class=\"\" href=\"https:\/\/finlandabroad.fi\/web\/che\/edustusto\">Edustuston yhteystiedot, aukioloajat ja ajanvaraus<\/a><br><strong>Ajanvarauspassi- ja muille palveluille<\/strong>:<br><a class=\"\" href=\"https:\/\/finlandabroad.fi\/web\/che\/etusivu\">finlandabroad.fi\/web\/che\/etusivu<\/a><br>Huom:  Sivusto on saatavilla vain <strong>suomeksi, ruotsiksi, ranskaksi ja saksaksi.<\/strong><\/p>\n\n\n\n<p>L\u2019ambassade de Finlande \u00e0 Berne propose des services consulaires (passeports, l\u00e9galisations, documents officiels) et des informations sur les relations bilat\u00e9rales entre la Finlande et la Suisse.<br>Voir : <a class=\"\" href=\"https:\/\/finlandabroad.fi\/web\/che\/ambassade\">finlandabroad.fi\/web\/che\/ambassade<\/a><br><em>Le site est disponible uniquement en finnois, su\u00e9dois, fran\u00e7ais et allemand.<\/em><\/p>\n\n\n\n<p>The Finnish Embassy in Bern provides passport services, legalizations, and supports Finnish citizens living in Switzerland.<br>Visit: <a class=\"\" href=\"https:\/\/finlandabroad.fi\/web\/che\/etusivu\">finlandabroad.fi\/web\/che\/etusivu<\/a>   Note: The website is available only in Finnish, Swedish, French, and German.<\/p>\n\n\n\n<h3>Consulate<\/h3>\n<p>Consulate de Finlande<br>Rue des Cordiers 14<br>CH-1207 Gen\u00e8ve<br>Web: <a href=\"http:\/\/www.finlandmission.ch\" target=\"_blank\" rel=\"noopener noreferrer\">http:\/\/www.finlandmission.ch<\/a><\/p>\n<h3>Mission<\/h3>\n<p>Mission Permanente de la Finlande<br>Avenue de France 23<br>Case Postale 198<br>CH-1211 Gen\u00e8ve 20<br>Tel: +41 22 919 4242<br>Fax: +41 22 740 0287<br>Email: <a href=\"mailto:sanomat.gen@formin.fi\">sanomat.gen@formin.fi<\/a><br>Web: <a href=\"http:\/\/www.finlandmission.ch\/public\/default.aspx?nodeid=35481&amp;contentlan=2&amp;culture=en-US\" target=\"_blank\" rel=\"noopener noreferrer\">http:\/\/www.finlandmission.ch<\/a><\/p>\n\n\n\n<p>The Permanent Mission represents Finland in various international organizations based in Geneva. They provide consular services and information on Finland&#8217;s activities in the UN and other international forums:  <a href=\"https:\/\/finlandabroad.fi\/web\/geneve\/frontpage\">finlandabroad.fi\/web\/geneve\/frontpage<\/a><\/p>\n\n\n\n<div class=\"float2\">\n<h2>Church<\/h2>\n<p>Suomalainen seurakunta<br>Finska f\u00f6rsamlingen<br>Martti Pimi\u00e4<br>Tel: +41 22 785 75 50<br>Email:&nbsp;<a href=\"mailto:Martti.Pimia@cern.ch\">Martti.Pimia@cern.ch<\/a><br>Web: <a href=\"http:\/\/www.kirkkosveitsissa.com\/16\" target=\"_blank\" rel=\"noopener noreferrer\">http:\/\/www.kirkkosveitsissa.com\/16<\/a><\/p><\/div>\n\n\n\n<h2>Education \/ Schools \/ Lessons<\/h2>\n\n\n\n<h3>Schools\/Koulut &#8211; Kids \/ Lapset<\/h3>\n\n\n\n<h4>Geneven Suomi-Koulu<\/h4>\n\n\n\n<p>Ecol\u00e9 de Bud\u00e9<br>Ch. Mo\u00efse-Duboule 2<br>CH-1209 Gen\u00e8ve<br>Email: <a href=\"mailto:elina_riekkinen@hotmail.com\">elina_riekkinen@hotmail.com<\/a><br>Tel: +41 79 417 41 16<br>Web: <a href=\"https:\/\/www.facebook.com\/people\/Geneven-Suomi-koulu\/61558365375986\/\" target=\"_blank\" rel=\"noopener noreferrer\">https:\/\/www.facebook.com\/people\/Geneven-Suomi-koulu\/61558365375986\/<\/a><\/p>\n\n\n\n<h4>Lausannen Suomi-koulu<\/h4>\n\n\n\n<p><a class=\"\" href=\"https:\/\/www.lausannensuomikoulu.ch\/yhteystiedot\">Lausannen Suomi-koulu<\/a> tarjoaa t\u00e4ydent\u00e4v\u00e4\u00e4 suomen kielen opetusta lapsille, jotka asuvat Sveitsiss\u00e4 ja puhuvat suomea kotikielen\u00e4\u00e4n tai toisena kielen\u00e4\u00e4n. Koulu toimii vapaaehtoisvoimin ja kokoontuu s\u00e4\u00e4nn\u00f6llisesti Lausannen alueella. Opetus perustuu leikilliseen oppimiseen, kulttuurin ja kielen vahvistamiseen, ja se on osa ulkosuomalaisten suomi-kouluverkostoa.<\/p>\n\n\n\n<h4>Et\u00e4koulu Kulkuri<\/h4>\n\n\n\n<p><a class=\"\" href=\"https:\/\/www.kulkurikoulu.fi\">Et\u00e4koulu Kulkuri<\/a> on Suomen oppivelvollisuusik\u00e4isille ulkomailla asuville lapsille suunnattu verkkokoulu. Se tarjoaa perusopetusta et\u00e4yhteyksin suomalaisen opetussuunnitelman mukaan. Kulkurin kautta oppilas voi opiskella suomen kielt\u00e4 ja muita oppiaineita joustavasti riippumatta asuinpaikasta. Se sopii erinomaisesti perheille, jotka haluavat yll\u00e4pit\u00e4\u00e4 tai vahvistaa suomen kielt\u00e4 ja yhteytt\u00e4 suomalaiseen kouluj\u00e4rjestelm\u00e4\u00e4n.<\/p>\n\n\n\n<h4>Ruotsi Koulu \/ Svenska Skolan<\/h4>\n\n\n\n<p>Please see <a href=\"https:\/\/www.nordics.ch\/?page_id=56\">Sweden page<\/a> for latest contact information. <\/p>\n\n\n\n<h3>Adult Education &#8211; Finnish Language<\/h3>\n\n\n\n<p><strong>Varadi School<\/strong>: Offers personalized Finnish lessons tailored to individual skill levels and goals.<\/p>\n\n\n\n<ul><li>Website: <a href=\"https:\/\/ecole-varadi.ch\/en\/finnish-lessons-in-geneva\">ecole-varadi.ch\/en\/finnish-lessons-in-geneva<\/a><\/li><\/ul>\n\n\n\n<p><strong>\u00c9cole-club Migros<\/strong>: Provides Finnish language courses among other languages.<\/p>\n\n\n\n<ul><li>Website in French: <a href=\"https:\/\/www.ecole-club.ch\/langues\/cours-dans-d-autres-langues\/europe-de-l-ouest-et-du-nord\/finnois\/\">https:\/\/www.ecole-club.ch\/langues\/cours-dans-d-autres-langues\/europe-de-l-ouest-et-du-nord\/finnois\/<\/a> (note: the web site is not available in English)<\/li><\/ul>\n\n\n\n<h2>Business<\/h2>\n\n\n\n<h3>Suomalainen kauppakilta \/ Finl\u00e4ndska handelsgillet (Chamber of Commerce)<\/h3>\n<div dir=\"ltr\">Puh.johtaja: Matti Liukas<\/div>\n<div dir=\"ltr\">Tel: +41 79 150 82 06<\/div>\n<div dir=\"ltr\">Email:&nbsp;<a href=\"mailto:matti.liukas@gmail.com\">matti.liukas@gmail.com<\/a><\/div>\n\n\n\n<h2>Ohjeita Suomeksi (Instructions in Finnish)<\/h2>\n\n\n\n<h4><strong>Hy\u00f6dyllinen opas Sveitsiin muuttaville<\/strong><\/h4>\n\n\n\n<p><a class=\"\" href=\"https:\/\/recruitment-finland.web.cern.ch\/CERNopas.pdf\">CERNin suomenkielinen opas<\/a> on alun perin laadittu CERNiin muuttavia varten, mutta se sis\u00e4lt\u00e4\u00e4 runsaasti hy\u00f6dyllist\u00e4 tietoa kaikille Sveitsiin muuttaville tai t\u00e4\u00e4ll\u00e4 jo asuville. Oppaassa k\u00e4sitell\u00e4\u00e4n muun muassa k\u00e4yt\u00e4nn\u00f6n asioita, asumista, terveydenhuoltoa, veroja ja arkea Genevess\u00e4 ja sen ymp\u00e4rist\u00f6ss\u00e4.<\/p>\n\n\n\n<h2>Sosiaalinen media &amp; verkkoyhteis\u00f6t \/ Online Communities &amp; Social Media<\/h2>\n\n\n\n<h3><strong>Suomalaiset Sveitsiss\u00e4 \u2013 Facebook-ryhm\u00e4<\/strong><\/h3>\n\n\n\n<p><a class=\"\" href=\"https:\/\/www.facebook.com\/groups\/131441943534322\/\">Yhteis\u00f6 suomalaisille Sveitsiss\u00e4<\/a>:<br>Aktiivinen ja ep\u00e4virallinen Facebook-ryhm\u00e4, jossa suomalaiset Sveitsiss\u00e4 voivat kysy\u00e4 neuvoja, jakaa kokemuksia, myyd\u00e4\/tarjota tavaroita, ja verkostoitua muiden ulkosuomalaisten kanssa. Ryhm\u00e4 kattaa koko Sveitsin alueen ja on erityisen hy\u00f6dyllinen uusille tulokkaille.<\/p>\n\n\n\n<h2>Suomalaista el\u00e4m\u00e4\u00e4 Genevess\u00e4<\/h2>\n\n\n\n<p>Talvella voit rentoutua aidossa suomalaisessa saunassa aivan Geneven keskustan tuntumassa.<br><strong><a>Sauna Gen\u00e8ve<\/a><\/strong> tarjoaa perinteisen puul\u00e4mmitteisen saunakokemuksen, jossa voit kokea l\u00f6ylyn l\u00e4mm\u00f6n, hiljentymisen ja yhteis\u00f6llisyyden \u2013 kuten Suomessa.<\/p>\n\n\n\n<p>Yksityisvuorot, tapahtumat ja hyvinvointihetket varattavissa helposti verkossa.<br><strong>Tutustu ja varaa oma saunahetkesi:<\/strong> <a>www.saunageneve.ch<\/a><\/p>\n","protected":false},"excerpt":{"rendered":"<p>Finland &nbsp; &nbsp; This page highlights local Finnish resources for those living in the Geneva region, including Vaud and nearby parts of France, as well as key national institutions such as the embassy in Bern. Embassies, Consulates, Missions Embassy Botschaft von FinnlandWeltpoststrasse 4Postfach 70CH-3000 Bern 15Tel: +41 31 350 41 00Fax: +41 31 350 41 &hellip; <a href=\"https:\/\/www.nordics.ch\/?page_id=50\" class=\"more-link\">Continue reading <span class=\"screen-reader-text\">Finland Resources in Switzerland<\/span> <span class=\"meta-nav\">&rarr;<\/span><\/a><\/p>\n","protected":false},"author":1,"featured_media":0,"parent":6828,"menu_order":0,"comment_status":"closed","ping_status":"closed","template":"","meta":[],"acf":[],"_links":{"self":[{"href":"https:\/\/www.nordics.ch\/index.php?rest_route=\/wp\/v2\/pages\/50"}],"collection":[{"href":"https:\/\/www.nordics.ch\/index.php?rest_route=\/wp\/v2\/pages"}],"about":[{"href":"https:\/\/www.nordics.ch\/index.php?rest_route=\/wp\/v2\/types\/page"}],"author":[{"embeddable":true,"href":"https:\/\/www.nordics.ch\/index.php?rest_route=\/wp\/v2\/users\/1"}],"replies":[{"embeddable":true,"href":"https:\/\/www.nordics.ch\/index.php?rest_route=%2Fwp%2Fv2%2Fcomments&post=50"}],"version-history":[{"count":26,"href":"https:\/\/www.nordics.ch\/index.php?rest_route=\/wp\/v2\/pages\/50\/revisions"}],"predecessor-version":[{"id":6950,"href":"https:\/\/www.nordics.ch\/index.php?rest_route=\/wp\/v2\/pages\/50\/revisions\/6950"}],"up":[{"embeddable":true,"href":"https:\/\/www.nordics.ch\/index.php?rest_route=\/wp\/v2\/pages\/6828"}],"wp:attachment":[{"href":"https:\/\/www.nordics.ch\/index.php?rest_route=%2Fwp%2Fv2%2Fmedia&parent=50"}],"curies":[{"name":"wp","href":"https:\/\/api.w.org\/{rel}","templated":true}]}}