{"id":64,"date":"2015-09-26T12:40:04","date_gmt":"2015-09-26T10:40:04","guid":{"rendered":"http:\/\/test.nordics.ch\/wordpress\/?page_id=64"},"modified":"2025-05-20T05:47:00","modified_gmt":"2025-05-20T03:47:00","slug":"local-links-no","status":"publish","type":"page","link":"https:\/\/www.nordics.ch\/?page_id=64","title":{"rendered":"Norway Resources in Switzerland"},"content":{"rendered":"<p><img loading=\"lazy\" src=\"..\/images\/img_links.jpg\" alt=\"\" width=\"546\" height=\"144\" \/><\/p>\n<div class=\"spacer\"><span class=\"hed30\"><img loading=\"lazy\" src=\"..\/images\/flag_norway-sm.gif\" alt=\"Norway\" width=\"30\" height=\"22\" \/> Norway<\/span><\/div>\n<div class=\"float2\">\n<h4><\/h4>\n<p>This page highlights local Norwegian resources for those living in the Geneva region, including Vaud and nearby parts of France, as well as key national institutions such as the embassy in Bern.<\/p>\n<h4>Embassy<\/h4>\n<p>Botschaft von Norwegen<br \/>\nBubenbergplatz 10<br \/>\nPostbox 5264<br \/>\nCH-3001 Bern<br \/>\nTel: +41 31 310 55 55<br \/>\nWeb: <a href=\"http:\/\/www.amb-norwegen.ch\/\" target=\"_blank\" rel=\"noopener noreferrer\">www.amb-norwegen.ch<\/a><\/p>\n<h4>Mission<\/h4>\n<p>D\u00e9l\u00e9gation Permanente de Norv\u00e8ge<br \/>\n35 Av. de Bud\u00e9<br \/>\nCH-1202 Gen\u00e8ve<br \/>\nWeb: <a href=\"http:\/\/www.norway-geneva.org\/\" target=\"_blank\" rel=\"noopener noreferrer\">www.norway-geneva.org<\/a><\/p>\n<h4>Church<\/h4>\n<p>Prest: Lena Rebekka Risne; Daglig Leder: Ole Jakob Risnes<br \/>\n17-19 Rue de la Servette<br \/>\nCH-1201 Gen\u00e8ve<br \/>\nTel\/fax: +41 22 740 04 33<br \/>\nEmail: <a href=\"mailto:geneve@sjomannskirken.no\">geneve@sjomannskirken.no<\/a><br \/>\nWeb: <a href=\"http:\/\/www.sjomannskirken.no\/geneve\" target=\"_blank\" rel=\"noopener noreferrer\">Sj\u00f8manskirken<\/a><\/p>\n<h4>School<\/h4>\n<p>Svenska skolan i Gen\u00e8ve<br \/>\nplease see <a href=\"https:\/\/www.nordics.ch\/?page_id=56\" data-rich-text-format-boundary=\"true\">Sweden page<\/a> for latest contact information.<\/p>\n<\/div>\n<div class=\"float2\">\n<h4>Other<\/h4>\n<p>Norsk kor i Gen\u00e8ve<br \/>\nc\/o Sj\u00f6mannskirken<br \/>\nTel: +41 22 740 04 33<br \/>\nEmail: <a href=\"mailto:jens.vigen@cern.ch\">jens.vigen@cern.ch<\/a><\/p>\n<h4>17. mai<\/h4>\n<p>Norwegian National Day celebrations in Geneva<br \/>\nWeb: <a href=\"http:\/\/www.17mai.ch\/\" target=\"_blank\" rel=\"noopener noreferrer\">www.17mai.ch<\/a><\/p>\n<h4>Norgesklubben Sveits<\/h4>\n<p>Norgesklubben organiserer arrengementer rundt om i Sveits, inkludert Suisse Romande<br \/>\nWeb: <a href=\"http:\/\/www.norgesklubben.ch\/\" target=\"_blank\" rel=\"noopener noreferrer\">www.norgesklubben.ch<\/a><\/p>\n<h4>Norske matvarer<\/h4>\n<p>Savner du Solo, leverpostei eller vaffelblanding?<br \/>\nWeb: <a href=\"https:\/\/www.smil-luzern.ch\/nb\/\" target=\"_blank\" rel=\"noopener noreferrer\">www.smil-luzern.ch<\/a><\/p>\n<h4><\/h4>\n<\/div>\n","protected":false},"excerpt":{"rendered":"<p>Norway This page highlights local Norwegian resources for those living in the Geneva region, including Vaud and nearby parts of France, as well as key national institutions such as the embassy in Bern. Embassy Botschaft von Norwegen Bubenbergplatz 10 Postbox 5264 CH-3001 Bern Tel: +41 31 310 55 55 Web: www.amb-norwegen.ch Mission D\u00e9l\u00e9gation Permanente de &hellip; <a href=\"https:\/\/www.nordics.ch\/?page_id=64\" class=\"more-link\">Continue reading <span class=\"screen-reader-text\">Norway Resources in Switzerland<\/span> <span class=\"meta-nav\">&rarr;<\/span><\/a><\/p>\n","protected":false},"author":1,"featured_media":0,"parent":6828,"menu_order":0,"comment_status":"closed","ping_status":"closed","template":"","meta":[],"acf":[],"_links":{"self":[{"href":"https:\/\/www.nordics.ch\/index.php?rest_route=\/wp\/v2\/pages\/64"}],"collection":[{"href":"https:\/\/www.nordics.ch\/index.php?rest_route=\/wp\/v2\/pages"}],"about":[{"href":"https:\/\/www.nordics.ch\/index.php?rest_route=\/wp\/v2\/types\/page"}],"author":[{"embeddable":true,"href":"https:\/\/www.nordics.ch\/index.php?rest_route=\/wp\/v2\/users\/1"}],"replies":[{"embeddable":true,"href":"https:\/\/www.nordics.ch\/index.php?rest_route=%2Fwp%2Fv2%2Fcomments&post=64"}],"version-history":[{"count":8,"href":"https:\/\/www.nordics.ch\/index.php?rest_route=\/wp\/v2\/pages\/64\/revisions"}],"predecessor-version":[{"id":6890,"href":"https:\/\/www.nordics.ch\/index.php?rest_route=\/wp\/v2\/pages\/64\/revisions\/6890"}],"up":[{"embeddable":true,"href":"https:\/\/www.nordics.ch\/index.php?rest_route=\/wp\/v2\/pages\/6828"}],"wp:attachment":[{"href":"https:\/\/www.nordics.ch\/index.php?rest_route=%2Fwp%2Fv2%2Fmedia&parent=64"}],"curies":[{"name":"wp","href":"https:\/\/api.w.org\/{rel}","templated":true}]}}

<p><img loading="lazy" src="../images/img_links.jpg" alt="" width="546" height="144" /></p>
<div class="spacer"><span class="hed30"><img loading="lazy" src="../images/flag_norway-sm.gif" alt="Norway" width="30" height="22" /> Norway</span></div>
<div class="float2">
<h4></h4>
<p>This page highlights local Norwegian resources for those living in the Geneva region, including Vaud and nearby parts of France, as well as key national institutions such as the embassy in Bern.</p>
<h4>Embassy</h4>
<p>Botschaft von Norwegen<br />
Bubenbergplatz 10<br />
Postbox 5264<br />
CH-3001 Bern<br />
Tel: +41 31 310 55 55<br />
Web: <a href="http://www.amb-norwegen.ch/" target="_blank" rel="noopener noreferrer">www.amb-norwegen.ch</a></p>
<h4>Mission</h4>
<p>Délégation Permanente de Norvège<br />
35 Av. de Budé<br />
CH-1202 Genève<br />
Web: <a href="http://www.norway-geneva.org/" target="_blank" rel="noopener noreferrer">www.norway-geneva.org</a></p>
<h4>Church</h4>
<p>Prest: Lena Rebekka Risne; Daglig Leder: Ole Jakob Risnes<br />
17-19 Rue de la Servette<br />
CH-1201 Genève<br />
Tel/fax: +41 22 740 04 33<br />
Email: <a href="mailto:geneve@sjomannskirken.no">geneve@sjomannskirken.no</a><br />
Web: <a href="http://www.sjomannskirken.no/geneve" target="_blank" rel="noopener noreferrer">Sjømanskirken</a></p>
<h4>School</h4>
<p>Svenska skolan i Genève<br />
please see <a href="https://www.nordics.ch/?page_id=56" data-rich-text-format-boundary="true">Sweden page</a> for latest contact information.</p>
</div>
<div class="float2">
<h4>Other</h4>
<p>Norsk kor i Genève<br />
c/o Sjömannskirken<br />
Tel: +41 22 740 04 33<br />
Email: <a href="mailto:jens.vigen@cern.ch">jens.vigen@cern.ch</a></p>
<h4>17. mai</h4>
<p>Norwegian National Day celebrations in Geneva<br />
Web: <a href="http://www.17mai.ch/" target="_blank" rel="noopener noreferrer">www.17mai.ch</a></p>
<h4>Norgesklubben Sveits</h4>
<p>Norgesklubben organiserer arrengementer rundt om i Sveits, inkludert Suisse Romande<br />
Web: <a href="http://www.norgesklubben.ch/" target="_blank" rel="noopener noreferrer">www.norgesklubben.ch</a></p>
<h4>Norske matvarer</h4>
<p>Savner du Solo, leverpostei eller vaffelblanding?<br />
Web: <a href="https://www.smil-luzern.ch/nb/" target="_blank" rel="noopener noreferrer">www.smil-luzern.ch</a></p>
<h4></h4>
</div>

<p>Norway This page highlights local Norwegian resources for those living in the Geneva region, including Vaud and nearby parts of France, as well as key national institutions such as the embassy in Bern. Embassy Botschaft von Norwegen Bubenbergplatz 10 Postbox 5264 CH-3001 Bern Tel: +41 31 310 55 55 Web: www.amb-norwegen.ch Mission Délégation Permanente de &hellip; <a href="https://www.nordics.ch/?page_id=64" class="more-link">Continue reading <span class="screen-reader-text">Norway Resources in Switzerland</span> <span class="meta-nav">&rarr;</span></a></p>
