{"id":6483,"date":"2024-01-13T01:39:52","date_gmt":"2024-01-13T00:39:52","guid":{"rendered":"https:\/\/www.nordics.ch\/?page_id=6483"},"modified":"2025-05-20T01:57:39","modified_gmt":"2025-05-19T23:57:39","slug":"opplev-den-nordiske-anden-i-hjertet-av-geneve","status":"publish","type":"page","link":"https:\/\/www.nordics.ch\/?page_id=6483","title":{"rendered":"Opplev den nordiske \u00e5nden i hjertet av Gen\u00e8ve!"},"content":{"rendered":"\n<figure class=\"wp-block-video\"><video controls src=\"https:\/\/www.nordics.ch\/wordpress\/wp-content\/uploads\/2024\/01\/Welcome-to-the-Nordics-Club-Geneva-Copy.mp4\"><\/video><\/figure>\n\n\n\n<p>Velkommen til Nordics Club i Gen\u00e8ve! Etablert i 1949 av visjon\u00e6re Nordmenn, v\u00e5r klubb blomstrer som et mangfoldig og dynamisk samfunn, som \u00f8nsker b\u00e5de de unge og de unge til sinns velkommen. Basert i Gen\u00e8ve, tiltrekker vi medlemmer fra de fransktalende regionene i Sveits, spesielt Gen\u00e8ve og Vaud, samt nabolandet Frankrike. Bli med oss mens vi feirer rike nordiske tradisjoner infundert med moderne energi.<\/p>\n\n\n\n<figure class=\"wp-block-image size-large\"><img loading=\"lazy\" width=\"1024\" height=\"476\" src=\"http:\/\/www.nordics.ch\/wordpress\/wp-content\/uploads\/2024\/01\/why-join-us-1024x476.png\" alt=\"\" class=\"wp-image-6471\" srcset=\"https:\/\/www.nordics.ch\/wordpress\/wp-content\/uploads\/2024\/01\/why-join-us-1024x476.png 1024w, https:\/\/www.nordics.ch\/wordpress\/wp-content\/uploads\/2024\/01\/why-join-us-300x140.png 300w, https:\/\/www.nordics.ch\/wordpress\/wp-content\/uploads\/2024\/01\/why-join-us-768x357.png 768w, https:\/\/www.nordics.ch\/wordpress\/wp-content\/uploads\/2024\/01\/why-join-us.png 1200w\" sizes=\"(max-width: 1024px) 100vw, 1024px\" \/><figcaption><strong>Hvorfor bli med oss?<\/strong><\/figcaption><\/figure>\n\n\n\n<div class=\"wp-container-3 wp-block-columns\">\n<div class=\"wp-container-1 wp-block-column\" style=\"flex-basis:66.66%\">\n<figure class=\"wp-block-image size-large\"><img loading=\"lazy\" width=\"1024\" height=\"585\" src=\"http:\/\/www.nordics.ch\/wordpress\/wp-content\/uploads\/2023\/10\/DALL\u00b7E-2023-10-23-10.16.40-Wide-banner-style-image-presenting-a-harmonious-blend-of-Finnish-and-Genevan-culture.-On-the-shores-of-Lake-Geneva-or-perhaps-floating-atop-its-gentl-1024x585.png\" alt=\"\" class=\"wp-image-6455\" srcset=\"https:\/\/www.nordics.ch\/wordpress\/wp-content\/uploads\/2023\/10\/DALL\u00b7E-2023-10-23-10.16.40-Wide-banner-style-image-presenting-a-harmonious-blend-of-Finnish-and-Genevan-culture.-On-the-shores-of-Lake-Geneva-or-perhaps-floating-atop-its-gentl-1024x585.png 1024w, https:\/\/www.nordics.ch\/wordpress\/wp-content\/uploads\/2023\/10\/DALL\u00b7E-2023-10-23-10.16.40-Wide-banner-style-image-presenting-a-harmonious-blend-of-Finnish-and-Genevan-culture.-On-the-shores-of-Lake-Geneva-or-perhaps-floating-atop-its-gentl-300x171.png 300w, https:\/\/www.nordics.ch\/wordpress\/wp-content\/uploads\/2023\/10\/DALL\u00b7E-2023-10-23-10.16.40-Wide-banner-style-image-presenting-a-harmonious-blend-of-Finnish-and-Genevan-culture.-On-the-shores-of-Lake-Geneva-or-perhaps-floating-atop-its-gentl-768x439.png 768w, https:\/\/www.nordics.ch\/wordpress\/wp-content\/uploads\/2023\/10\/DALL\u00b7E-2023-10-23-10.16.40-Wide-banner-style-image-presenting-a-harmonious-blend-of-Finnish-and-Genevan-culture.-On-the-shores-of-Lake-Geneva-or-perhaps-floating-atop-its-gentl-1536x878.png 1536w, https:\/\/www.nordics.ch\/wordpress\/wp-content\/uploads\/2023\/10\/DALL\u00b7E-2023-10-23-10.16.40-Wide-banner-style-image-presenting-a-harmonious-blend-of-Finnish-and-Genevan-culture.-On-the-shores-of-Lake-Geneva-or-perhaps-floating-atop-its-gentl.png 1792w\" sizes=\"(max-width: 1024px) 100vw, 1024px\" \/><\/figure>\n<\/div>\n\n\n\n<div class=\"wp-container-2 wp-block-column\" style=\"flex-basis:33.33%\">\n<p><strong><strong>Mangfoldige Arrangementer<\/strong>: <\/strong>Fra kulturelle gallerier og sprudlende afterworks, til unike feiringer som Oktoberfest og den elektrifiserende Eurovision, har vi noe for alle.<\/p>\n\n\n\n<p><\/p>\n<\/div>\n<\/div>\n\n\n\n<div class=\"wp-container-6 wp-block-columns\">\n<div class=\"wp-container-4 wp-block-column\" style=\"flex-basis:66.66%\">\n<figure class=\"wp-block-image size-large\"><img loading=\"lazy\" width=\"1024\" height=\"585\" src=\"http:\/\/www.nordics.ch\/wordpress\/wp-content\/uploads\/2023\/10\/DALL\u00b7E-2023-10-23-09.55.38-Wide-banner-style-image-showcasing-Genevas-lakeside-beauty.-The-Jet-dEau-is-prominent-its-majestic-spray-of-water-creating-a-focal-point.-Spread-ac-1024x585.png\" alt=\"\" class=\"wp-image-6452\" srcset=\"https:\/\/www.nordics.ch\/wordpress\/wp-content\/uploads\/2023\/10\/DALL\u00b7E-2023-10-23-09.55.38-Wide-banner-style-image-showcasing-Genevas-lakeside-beauty.-The-Jet-dEau-is-prominent-its-majestic-spray-of-water-creating-a-focal-point.-Spread-ac-1024x585.png 1024w, https:\/\/www.nordics.ch\/wordpress\/wp-content\/uploads\/2023\/10\/DALL\u00b7E-2023-10-23-09.55.38-Wide-banner-style-image-showcasing-Genevas-lakeside-beauty.-The-Jet-dEau-is-prominent-its-majestic-spray-of-water-creating-a-focal-point.-Spread-ac-300x171.png 300w, https:\/\/www.nordics.ch\/wordpress\/wp-content\/uploads\/2023\/10\/DALL\u00b7E-2023-10-23-09.55.38-Wide-banner-style-image-showcasing-Genevas-lakeside-beauty.-The-Jet-dEau-is-prominent-its-majestic-spray-of-water-creating-a-focal-point.-Spread-ac-768x439.png 768w, https:\/\/www.nordics.ch\/wordpress\/wp-content\/uploads\/2023\/10\/DALL\u00b7E-2023-10-23-09.55.38-Wide-banner-style-image-showcasing-Genevas-lakeside-beauty.-The-Jet-dEau-is-prominent-its-majestic-spray-of-water-creating-a-focal-point.-Spread-ac-1536x878.png 1536w, https:\/\/www.nordics.ch\/wordpress\/wp-content\/uploads\/2023\/10\/DALL\u00b7E-2023-10-23-09.55.38-Wide-banner-style-image-showcasing-Genevas-lakeside-beauty.-The-Jet-dEau-is-prominent-its-majestic-spray-of-water-creating-a-focal-point.-Spread-ac.png 1792w\" sizes=\"(max-width: 1024px) 100vw, 1024px\" \/><\/figure>\n<\/div>\n\n\n\n<div class=\"wp-container-5 wp-block-column\" style=\"flex-basis:33.33%\">\n<p><strong>Nordiske Tradisjoner<\/strong>: Nyt den ekte nordiske stemningen med hendelser som krepsfesten og mange flere festligheter som ekkoer essensen av Danmark, Finland, Island, Norge, Sverige og Baltikum.<\/p>\n<\/div>\n<\/div>\n\n\n\n<div class=\"wp-container-9 wp-block-columns\">\n<div class=\"wp-container-7 wp-block-column\" style=\"flex-basis:66.66%\">\n<figure class=\"wp-block-image size-large\"><img loading=\"lazy\" width=\"1024\" height=\"585\" src=\"http:\/\/www.nordics.ch\/wordpress\/wp-content\/uploads\/2023\/10\/DALL\u00b7E-2023-10-23-09.59.35-Photo-realistic-wide-image-showcasing-Genevas-historic-old-town.-The-aged-buildings-and-cobblestone-streets-are-bathed-in-the-soft-ethereal-glow-of--1024x585.png\" alt=\"\" class=\"wp-image-6456\" srcset=\"https:\/\/www.nordics.ch\/wordpress\/wp-content\/uploads\/2023\/10\/DALL\u00b7E-2023-10-23-09.59.35-Photo-realistic-wide-image-showcasing-Genevas-historic-old-town.-The-aged-buildings-and-cobblestone-streets-are-bathed-in-the-soft-ethereal-glow-of--1024x585.png 1024w, https:\/\/www.nordics.ch\/wordpress\/wp-content\/uploads\/2023\/10\/DALL\u00b7E-2023-10-23-09.59.35-Photo-realistic-wide-image-showcasing-Genevas-historic-old-town.-The-aged-buildings-and-cobblestone-streets-are-bathed-in-the-soft-ethereal-glow-of--300x171.png 300w, https:\/\/www.nordics.ch\/wordpress\/wp-content\/uploads\/2023\/10\/DALL\u00b7E-2023-10-23-09.59.35-Photo-realistic-wide-image-showcasing-Genevas-historic-old-town.-The-aged-buildings-and-cobblestone-streets-are-bathed-in-the-soft-ethereal-glow-of--768x439.png 768w, https:\/\/www.nordics.ch\/wordpress\/wp-content\/uploads\/2023\/10\/DALL\u00b7E-2023-10-23-09.59.35-Photo-realistic-wide-image-showcasing-Genevas-historic-old-town.-The-aged-buildings-and-cobblestone-streets-are-bathed-in-the-soft-ethereal-glow-of--1536x878.png 1536w, https:\/\/www.nordics.ch\/wordpress\/wp-content\/uploads\/2023\/10\/DALL\u00b7E-2023-10-23-09.59.35-Photo-realistic-wide-image-showcasing-Genevas-historic-old-town.-The-aged-buildings-and-cobblestone-streets-are-bathed-in-the-soft-ethereal-glow-of-.png 1792w\" sizes=\"(max-width: 1024px) 100vw, 1024px\" \/><\/figure>\n<\/div>\n\n\n\n<div class=\"wp-container-8 wp-block-column\" style=\"flex-basis:33.33%\">\n<p><strong>Eventyrreiser<\/strong>: Omfavne spenningen med skiturer, rolige fotturer og mer. Opplev naturens skj\u00f8nnhet, nordisk stil.<\/p>\n<\/div>\n<\/div>\n\n\n\n<div class=\"wp-container-12 wp-block-columns\">\n<div class=\"wp-container-10 wp-block-column\" style=\"flex-basis:66.66%\">\n<figure class=\"wp-block-image size-large\"><img loading=\"lazy\" width=\"1024\" height=\"585\" src=\"http:\/\/www.nordics.ch\/wordpress\/wp-content\/uploads\/2023\/10\/DALL\u00b7E-2023-10-23-10.11.44-Wide-banner-style-image-offering-a-panoramic-view-of-Genevas-skyline-dominated-by-its-historic-and-traditional-buildings.-Interspersed-among-these-s-1024x585.png\" alt=\"\" class=\"wp-image-6454\" srcset=\"https:\/\/www.nordics.ch\/wordpress\/wp-content\/uploads\/2023\/10\/DALL\u00b7E-2023-10-23-10.11.44-Wide-banner-style-image-offering-a-panoramic-view-of-Genevas-skyline-dominated-by-its-historic-and-traditional-buildings.-Interspersed-among-these-s-1024x585.png 1024w, https:\/\/www.nordics.ch\/wordpress\/wp-content\/uploads\/2023\/10\/DALL\u00b7E-2023-10-23-10.11.44-Wide-banner-style-image-offering-a-panoramic-view-of-Genevas-skyline-dominated-by-its-historic-and-traditional-buildings.-Interspersed-among-these-s-300x171.png 300w, https:\/\/www.nordics.ch\/wordpress\/wp-content\/uploads\/2023\/10\/DALL\u00b7E-2023-10-23-10.11.44-Wide-banner-style-image-offering-a-panoramic-view-of-Genevas-skyline-dominated-by-its-historic-and-traditional-buildings.-Interspersed-among-these-s-768x439.png 768w, https:\/\/www.nordics.ch\/wordpress\/wp-content\/uploads\/2023\/10\/DALL\u00b7E-2023-10-23-10.11.44-Wide-banner-style-image-offering-a-panoramic-view-of-Genevas-skyline-dominated-by-its-historic-and-traditional-buildings.-Interspersed-among-these-s-1536x878.png 1536w, https:\/\/www.nordics.ch\/wordpress\/wp-content\/uploads\/2023\/10\/DALL\u00b7E-2023-10-23-10.11.44-Wide-banner-style-image-offering-a-panoramic-view-of-Genevas-skyline-dominated-by-its-historic-and-traditional-buildings.-Interspersed-among-these-s.png 1792w\" sizes=\"(max-width: 1024px) 100vw, 1024px\" \/><\/figure>\n<\/div>\n\n\n\n<div class=\"wp-container-11 wp-block-column\" style=\"flex-basis:33.33%\">\n<p><strong>Autentiske Aktiviteter<\/strong>: Dykk inn i den nordiske m\u00e5ten \u00e5 slappe av p\u00e5 med saunasessioner og mye mer. Det er mer enn en aktivitet, det er en tradisjon.<\/p>\n<\/div>\n<\/div>\n\n\n\n<p>Enten du er singel, et par eller har en familie, er du bundet til \u00e5 finne din stamme her. Koble deg med utrolige mennesker, omfavn nye opplevelser, og la oss skape uforglemmelige minner sammen! Ditt nordiske eventyr i Gen\u00e8ve starter her.<\/p>\n\n\n\n<p><em>For de som er lidenskapelige om nordiske kulturer, eller bare ser etter et spennende fellesskap i Gen\u00e8ve og Vaud, er Nordics Club ditt go-to sted.<\/em><\/p>\n","protected":false},"excerpt":{"rendered":"<p>Velkommen til Nordics Club i Gen\u00e8ve! Etablert i 1949 av visjon\u00e6re Nordmenn, v\u00e5r klubb blomstrer som et mangfoldig og dynamisk samfunn, som \u00f8nsker b\u00e5de de unge og de unge til sinns velkommen. Basert i Gen\u00e8ve, tiltrekker vi medlemmer fra de fransktalende regionene i Sveits, spesielt Gen\u00e8ve og Vaud, samt nabolandet Frankrike. Bli med oss mens &hellip; <a href=\"https:\/\/www.nordics.ch\/?page_id=6483\" class=\"more-link\">Continue reading <span class=\"screen-reader-text\">Opplev den nordiske \u00e5nden i hjertet av Gen\u00e8ve!<\/span> <span class=\"meta-nav\">&rarr;<\/span><\/a><\/p>\n","protected":false},"author":9,"featured_media":0,"parent":6470,"menu_order":4,"comment_status":"closed","ping_status":"closed","template":"","meta":[],"acf":[],"_links":{"self":[{"href":"https:\/\/www.nordics.ch\/index.php?rest_route=\/wp\/v2\/pages\/6483"}],"collection":[{"href":"https:\/\/www.nordics.ch\/index.php?rest_route=\/wp\/v2\/pages"}],"about":[{"href":"https:\/\/www.nordics.ch\/index.php?rest_route=\/wp\/v2\/types\/page"}],"author":[{"embeddable":true,"href":"https:\/\/www.nordics.ch\/index.php?rest_route=\/wp\/v2\/users\/9"}],"replies":[{"embeddable":true,"href":"https:\/\/www.nordics.ch\/index.php?rest_route=%2Fwp%2Fv2%2Fcomments&post=6483"}],"version-history":[{"count":1,"href":"https:\/\/www.nordics.ch\/index.php?rest_route=\/wp\/v2\/pages\/6483\/revisions"}],"predecessor-version":[{"id":6484,"href":"https:\/\/www.nordics.ch\/index.php?rest_route=\/wp\/v2\/pages\/6483\/revisions\/6484"}],"up":[{"embeddable":true,"href":"https:\/\/www.nordics.ch\/index.php?rest_route=\/wp\/v2\/pages\/6470"}],"wp:attachment":[{"href":"https:\/\/www.nordics.ch\/index.php?rest_route=%2Fwp%2Fv2%2Fmedia&parent=6483"}],"curies":[{"name":"wp","href":"https:\/\/api.w.org\/{rel}","templated":true}]}}

Opplev den nordiske ånden i hjertet av Genève!

<figure class="wp-block-video"><video controls src="https://www.nordics.ch/wordpress/wp-content/uploads/2024/01/Welcome-to-the-Nordics-Club-Geneva-Copy.mp4"></video></figure>



<p>Velkommen til Nordics Club i Genève! Etablert i 1949 av visjonære Nordmenn, vår klubb blomstrer som et mangfoldig og dynamisk samfunn, som ønsker både de unge og de unge til sinns velkommen. Basert i Genève, tiltrekker vi medlemmer fra de fransktalende regionene i Sveits, spesielt Genève og Vaud, samt nabolandet Frankrike. Bli med oss mens vi feirer rike nordiske tradisjoner infundert med moderne energi.</p>



<figure class="wp-block-image size-large"><img loading="lazy" width="1024" height="476" src="http://www.nordics.ch/wordpress/wp-content/uploads/2024/01/why-join-us-1024x476.png" alt="" class="wp-image-6471" srcset="https://www.nordics.ch/wordpress/wp-content/uploads/2024/01/why-join-us-1024x476.png 1024w, https://www.nordics.ch/wordpress/wp-content/uploads/2024/01/why-join-us-300x140.png 300w, https://www.nordics.ch/wordpress/wp-content/uploads/2024/01/why-join-us-768x357.png 768w, https://www.nordics.ch/wordpress/wp-content/uploads/2024/01/why-join-us.png 1200w" sizes="(max-width: 1024px) 100vw, 1024px" /><figcaption><strong>Hvorfor bli med oss?</strong></figcaption></figure>



<div class="wp-container-3 wp-block-columns">
<div class="wp-container-1 wp-block-column" style="flex-basis:66.66%">
<figure class="wp-block-image size-large"><img loading="lazy" width="1024" height="585" src="http://www.nordics.ch/wordpress/wp-content/uploads/2023/10/DALL·E-2023-10-23-10.16.40-Wide-banner-style-image-presenting-a-harmonious-blend-of-Finnish-and-Genevan-culture.-On-the-shores-of-Lake-Geneva-or-perhaps-floating-atop-its-gentl-1024x585.png" alt="" class="wp-image-6455" srcset="https://www.nordics.ch/wordpress/wp-content/uploads/2023/10/DALL·E-2023-10-23-10.16.40-Wide-banner-style-image-presenting-a-harmonious-blend-of-Finnish-and-Genevan-culture.-On-the-shores-of-Lake-Geneva-or-perhaps-floating-atop-its-gentl-1024x585.png 1024w, https://www.nordics.ch/wordpress/wp-content/uploads/2023/10/DALL·E-2023-10-23-10.16.40-Wide-banner-style-image-presenting-a-harmonious-blend-of-Finnish-and-Genevan-culture.-On-the-shores-of-Lake-Geneva-or-perhaps-floating-atop-its-gentl-300x171.png 300w, https://www.nordics.ch/wordpress/wp-content/uploads/2023/10/DALL·E-2023-10-23-10.16.40-Wide-banner-style-image-presenting-a-harmonious-blend-of-Finnish-and-Genevan-culture.-On-the-shores-of-Lake-Geneva-or-perhaps-floating-atop-its-gentl-768x439.png 768w, https://www.nordics.ch/wordpress/wp-content/uploads/2023/10/DALL·E-2023-10-23-10.16.40-Wide-banner-style-image-presenting-a-harmonious-blend-of-Finnish-and-Genevan-culture.-On-the-shores-of-Lake-Geneva-or-perhaps-floating-atop-its-gentl-1536x878.png 1536w, https://www.nordics.ch/wordpress/wp-content/uploads/2023/10/DALL·E-2023-10-23-10.16.40-Wide-banner-style-image-presenting-a-harmonious-blend-of-Finnish-and-Genevan-culture.-On-the-shores-of-Lake-Geneva-or-perhaps-floating-atop-its-gentl.png 1792w" sizes="(max-width: 1024px) 100vw, 1024px" /></figure>
</div>



<div class="wp-container-2 wp-block-column" style="flex-basis:33.33%">
<p><strong><strong>Mangfoldige Arrangementer</strong>: </strong>Fra kulturelle gallerier og sprudlende afterworks, til unike feiringer som Oktoberfest og den elektrifiserende Eurovision, har vi noe for alle.</p>



<p></p>
</div>
</div>



<div class="wp-container-6 wp-block-columns">
<div class="wp-container-4 wp-block-column" style="flex-basis:66.66%">
<figure class="wp-block-image size-large"><img loading="lazy" width="1024" height="585" src="http://www.nordics.ch/wordpress/wp-content/uploads/2023/10/DALL·E-2023-10-23-09.55.38-Wide-banner-style-image-showcasing-Genevas-lakeside-beauty.-The-Jet-dEau-is-prominent-its-majestic-spray-of-water-creating-a-focal-point.-Spread-ac-1024x585.png" alt="" class="wp-image-6452" srcset="https://www.nordics.ch/wordpress/wp-content/uploads/2023/10/DALL·E-2023-10-23-09.55.38-Wide-banner-style-image-showcasing-Genevas-lakeside-beauty.-The-Jet-dEau-is-prominent-its-majestic-spray-of-water-creating-a-focal-point.-Spread-ac-1024x585.png 1024w, https://www.nordics.ch/wordpress/wp-content/uploads/2023/10/DALL·E-2023-10-23-09.55.38-Wide-banner-style-image-showcasing-Genevas-lakeside-beauty.-The-Jet-dEau-is-prominent-its-majestic-spray-of-water-creating-a-focal-point.-Spread-ac-300x171.png 300w, https://www.nordics.ch/wordpress/wp-content/uploads/2023/10/DALL·E-2023-10-23-09.55.38-Wide-banner-style-image-showcasing-Genevas-lakeside-beauty.-The-Jet-dEau-is-prominent-its-majestic-spray-of-water-creating-a-focal-point.-Spread-ac-768x439.png 768w, https://www.nordics.ch/wordpress/wp-content/uploads/2023/10/DALL·E-2023-10-23-09.55.38-Wide-banner-style-image-showcasing-Genevas-lakeside-beauty.-The-Jet-dEau-is-prominent-its-majestic-spray-of-water-creating-a-focal-point.-Spread-ac-1536x878.png 1536w, https://www.nordics.ch/wordpress/wp-content/uploads/2023/10/DALL·E-2023-10-23-09.55.38-Wide-banner-style-image-showcasing-Genevas-lakeside-beauty.-The-Jet-dEau-is-prominent-its-majestic-spray-of-water-creating-a-focal-point.-Spread-ac.png 1792w" sizes="(max-width: 1024px) 100vw, 1024px" /></figure>
</div>



<div class="wp-container-5 wp-block-column" style="flex-basis:33.33%">
<p><strong>Nordiske Tradisjoner</strong>: Nyt den ekte nordiske stemningen med hendelser som krepsfesten og mange flere festligheter som ekkoer essensen av Danmark, Finland, Island, Norge, Sverige og Baltikum.</p>
</div>
</div>



<div class="wp-container-9 wp-block-columns">
<div class="wp-container-7 wp-block-column" style="flex-basis:66.66%">
<figure class="wp-block-image size-large"><img loading="lazy" width="1024" height="585" src="http://www.nordics.ch/wordpress/wp-content/uploads/2023/10/DALL·E-2023-10-23-09.59.35-Photo-realistic-wide-image-showcasing-Genevas-historic-old-town.-The-aged-buildings-and-cobblestone-streets-are-bathed-in-the-soft-ethereal-glow-of--1024x585.png" alt="" class="wp-image-6456" srcset="https://www.nordics.ch/wordpress/wp-content/uploads/2023/10/DALL·E-2023-10-23-09.59.35-Photo-realistic-wide-image-showcasing-Genevas-historic-old-town.-The-aged-buildings-and-cobblestone-streets-are-bathed-in-the-soft-ethereal-glow-of--1024x585.png 1024w, https://www.nordics.ch/wordpress/wp-content/uploads/2023/10/DALL·E-2023-10-23-09.59.35-Photo-realistic-wide-image-showcasing-Genevas-historic-old-town.-The-aged-buildings-and-cobblestone-streets-are-bathed-in-the-soft-ethereal-glow-of--300x171.png 300w, https://www.nordics.ch/wordpress/wp-content/uploads/2023/10/DALL·E-2023-10-23-09.59.35-Photo-realistic-wide-image-showcasing-Genevas-historic-old-town.-The-aged-buildings-and-cobblestone-streets-are-bathed-in-the-soft-ethereal-glow-of--768x439.png 768w, https://www.nordics.ch/wordpress/wp-content/uploads/2023/10/DALL·E-2023-10-23-09.59.35-Photo-realistic-wide-image-showcasing-Genevas-historic-old-town.-The-aged-buildings-and-cobblestone-streets-are-bathed-in-the-soft-ethereal-glow-of--1536x878.png 1536w, https://www.nordics.ch/wordpress/wp-content/uploads/2023/10/DALL·E-2023-10-23-09.59.35-Photo-realistic-wide-image-showcasing-Genevas-historic-old-town.-The-aged-buildings-and-cobblestone-streets-are-bathed-in-the-soft-ethereal-glow-of-.png 1792w" sizes="(max-width: 1024px) 100vw, 1024px" /></figure>
</div>



<div class="wp-container-8 wp-block-column" style="flex-basis:33.33%">
<p><strong>Eventyrreiser</strong>: Omfavne spenningen med skiturer, rolige fotturer og mer. Opplev naturens skjønnhet, nordisk stil.</p>
</div>
</div>



<div class="wp-container-12 wp-block-columns">
<div class="wp-container-10 wp-block-column" style="flex-basis:66.66%">
<figure class="wp-block-image size-large"><img loading="lazy" width="1024" height="585" src="http://www.nordics.ch/wordpress/wp-content/uploads/2023/10/DALL·E-2023-10-23-10.11.44-Wide-banner-style-image-offering-a-panoramic-view-of-Genevas-skyline-dominated-by-its-historic-and-traditional-buildings.-Interspersed-among-these-s-1024x585.png" alt="" class="wp-image-6454" srcset="https://www.nordics.ch/wordpress/wp-content/uploads/2023/10/DALL·E-2023-10-23-10.11.44-Wide-banner-style-image-offering-a-panoramic-view-of-Genevas-skyline-dominated-by-its-historic-and-traditional-buildings.-Interspersed-among-these-s-1024x585.png 1024w, https://www.nordics.ch/wordpress/wp-content/uploads/2023/10/DALL·E-2023-10-23-10.11.44-Wide-banner-style-image-offering-a-panoramic-view-of-Genevas-skyline-dominated-by-its-historic-and-traditional-buildings.-Interspersed-among-these-s-300x171.png 300w, https://www.nordics.ch/wordpress/wp-content/uploads/2023/10/DALL·E-2023-10-23-10.11.44-Wide-banner-style-image-offering-a-panoramic-view-of-Genevas-skyline-dominated-by-its-historic-and-traditional-buildings.-Interspersed-among-these-s-768x439.png 768w, https://www.nordics.ch/wordpress/wp-content/uploads/2023/10/DALL·E-2023-10-23-10.11.44-Wide-banner-style-image-offering-a-panoramic-view-of-Genevas-skyline-dominated-by-its-historic-and-traditional-buildings.-Interspersed-among-these-s-1536x878.png 1536w, https://www.nordics.ch/wordpress/wp-content/uploads/2023/10/DALL·E-2023-10-23-10.11.44-Wide-banner-style-image-offering-a-panoramic-view-of-Genevas-skyline-dominated-by-its-historic-and-traditional-buildings.-Interspersed-among-these-s.png 1792w" sizes="(max-width: 1024px) 100vw, 1024px" /></figure>
</div>



<div class="wp-container-11 wp-block-column" style="flex-basis:33.33%">
<p><strong>Autentiske Aktiviteter</strong>: Dykk inn i den nordiske måten å slappe av på med saunasessioner og mye mer. Det er mer enn en aktivitet, det er en tradisjon.</p>
</div>
</div>



<p>Enten du er singel, et par eller har en familie, er du bundet til å finne din stamme her. Koble deg med utrolige mennesker, omfavn nye opplevelser, og la oss skape uforglemmelige minner sammen! Ditt nordiske eventyr i Genève starter her.</p>



<p><em>For de som er lidenskapelige om nordiske kulturer, eller bare ser etter et spennende fellesskap i Genève og Vaud, er Nordics Club ditt go-to sted.</em></p>

<p>Velkommen til Nordics Club i Genève! Etablert i 1949 av visjonære Nordmenn, vår klubb blomstrer som et mangfoldig og dynamisk samfunn, som ønsker både de unge og de unge til sinns velkommen. Basert i Genève, tiltrekker vi medlemmer fra de fransktalende regionene i Sveits, spesielt Genève og Vaud, samt nabolandet Frankrike. Bli med oss mens &hellip; <a href="https://www.nordics.ch/?page_id=6483" class="more-link">Continue reading <span class="screen-reader-text">Opplev den nordiske ånden i hjertet av Genève!</span> <span class="meta-nav">&rarr;</span></a></p>
