{"id":6485,"date":"2024-01-13T01:44:52","date_gmt":"2024-01-13T00:44:52","guid":{"rendered":"https:\/\/www.nordics.ch\/?page_id=6485"},"modified":"2025-05-20T01:57:48","modified_gmt":"2025-05-19T23:57:48","slug":"koe-pohjoinen-henki-genevessa","status":"publish","type":"page","link":"https:\/\/www.nordics.ch\/?page_id=6485","title":{"rendered":"Koe Pohjoinen henki Genevess\u00e4!"},"content":{"rendered":"\n<figure class=\"wp-block-video\"><video controls src=\"https:\/\/www.nordics.ch\/wordpress\/wp-content\/uploads\/2024\/01\/Welcome-to-the-Nordics-Club-Geneva-Copy.mp4\"><\/video><\/figure>\n\n\n\n<p>Tervetuloa Nordics Clubiin Genevess\u00e4! Perustettu vuonna 1949 n\u00e4kemyksellisten pohjoismaalaisten toimesta, klubimme kukoistaa monimuotoisena ja dynaamisena yhteis\u00f6n\u00e4, toivottaen tervetulleeksi sek\u00e4 nuoret ett\u00e4 nuorekkaiden syd\u00e4met. Sijaitsee Genevess\u00e4, houkuttelemme j\u00e4seni\u00e4 Sveitsin ranskankielisist\u00e4 alueista, erityisesti Genev\u00e8st\u00e4 ja Vaudista, sek\u00e4 naapurimaasta Ranskasta. Liity meihin juhlimaan rikkaita pohjoismaisia perinteit\u00e4 nykyaikaisella energialla.<\/p>\n\n\n\n<figure class=\"wp-block-image size-large\"><img loading=\"lazy\" width=\"1024\" height=\"476\" src=\"http:\/\/www.nordics.ch\/wordpress\/wp-content\/uploads\/2024\/01\/why-join-us-1024x476.png\" alt=\"\" class=\"wp-image-6471\" srcset=\"https:\/\/www.nordics.ch\/wordpress\/wp-content\/uploads\/2024\/01\/why-join-us-1024x476.png 1024w, https:\/\/www.nordics.ch\/wordpress\/wp-content\/uploads\/2024\/01\/why-join-us-300x140.png 300w, https:\/\/www.nordics.ch\/wordpress\/wp-content\/uploads\/2024\/01\/why-join-us-768x357.png 768w, https:\/\/www.nordics.ch\/wordpress\/wp-content\/uploads\/2024\/01\/why-join-us.png 1200w\" sizes=\"(max-width: 1024px) 100vw, 1024px\" \/><figcaption><strong>Miksi liitty\u00e4?<\/strong><\/figcaption><\/figure>\n\n\n\n<div class=\"wp-container-3 wp-block-columns\">\n<div class=\"wp-container-1 wp-block-column\" style=\"flex-basis:66.66%\">\n<figure class=\"wp-block-image size-large\"><img loading=\"lazy\" width=\"1024\" height=\"585\" src=\"http:\/\/www.nordics.ch\/wordpress\/wp-content\/uploads\/2023\/10\/DALL\u00b7E-2023-10-23-10.16.40-Wide-banner-style-image-presenting-a-harmonious-blend-of-Finnish-and-Genevan-culture.-On-the-shores-of-Lake-Geneva-or-perhaps-floating-atop-its-gentl-1024x585.png\" alt=\"\" class=\"wp-image-6455\" srcset=\"https:\/\/www.nordics.ch\/wordpress\/wp-content\/uploads\/2023\/10\/DALL\u00b7E-2023-10-23-10.16.40-Wide-banner-style-image-presenting-a-harmonious-blend-of-Finnish-and-Genevan-culture.-On-the-shores-of-Lake-Geneva-or-perhaps-floating-atop-its-gentl-1024x585.png 1024w, https:\/\/www.nordics.ch\/wordpress\/wp-content\/uploads\/2023\/10\/DALL\u00b7E-2023-10-23-10.16.40-Wide-banner-style-image-presenting-a-harmonious-blend-of-Finnish-and-Genevan-culture.-On-the-shores-of-Lake-Geneva-or-perhaps-floating-atop-its-gentl-300x171.png 300w, https:\/\/www.nordics.ch\/wordpress\/wp-content\/uploads\/2023\/10\/DALL\u00b7E-2023-10-23-10.16.40-Wide-banner-style-image-presenting-a-harmonious-blend-of-Finnish-and-Genevan-culture.-On-the-shores-of-Lake-Geneva-or-perhaps-floating-atop-its-gentl-768x439.png 768w, https:\/\/www.nordics.ch\/wordpress\/wp-content\/uploads\/2023\/10\/DALL\u00b7E-2023-10-23-10.16.40-Wide-banner-style-image-presenting-a-harmonious-blend-of-Finnish-and-Genevan-culture.-On-the-shores-of-Lake-Geneva-or-perhaps-floating-atop-its-gentl-1536x878.png 1536w, https:\/\/www.nordics.ch\/wordpress\/wp-content\/uploads\/2023\/10\/DALL\u00b7E-2023-10-23-10.16.40-Wide-banner-style-image-presenting-a-harmonious-blend-of-Finnish-and-Genevan-culture.-On-the-shores-of-Lake-Geneva-or-perhaps-floating-atop-its-gentl.png 1792w\" sizes=\"(max-width: 1024px) 100vw, 1024px\" \/><\/figure>\n<\/div>\n\n\n\n<div class=\"wp-container-2 wp-block-column\" style=\"flex-basis:33.33%\">\n<p><strong>Monipuoliset Tapahtumat<\/strong>: Kulttuurigaloista ja el\u00e4vist\u00e4 afterworkseista ainutlaatuisiin juhliin, kuten Oktoberfest ja s\u00e4hk\u00f6ist\u00e4v\u00e4 Eurovision, meill\u00e4 on jotain kaikille.<\/p>\n\n\n\n<p><\/p>\n<\/div>\n<\/div>\n\n\n\n<div class=\"wp-container-6 wp-block-columns\">\n<div class=\"wp-container-4 wp-block-column\" style=\"flex-basis:66.66%\">\n<figure class=\"wp-block-image size-large\"><img loading=\"lazy\" width=\"1024\" height=\"585\" src=\"http:\/\/www.nordics.ch\/wordpress\/wp-content\/uploads\/2023\/10\/DALL\u00b7E-2023-10-23-09.55.38-Wide-banner-style-image-showcasing-Genevas-lakeside-beauty.-The-Jet-dEau-is-prominent-its-majestic-spray-of-water-creating-a-focal-point.-Spread-ac-1024x585.png\" alt=\"\" class=\"wp-image-6452\" srcset=\"https:\/\/www.nordics.ch\/wordpress\/wp-content\/uploads\/2023\/10\/DALL\u00b7E-2023-10-23-09.55.38-Wide-banner-style-image-showcasing-Genevas-lakeside-beauty.-The-Jet-dEau-is-prominent-its-majestic-spray-of-water-creating-a-focal-point.-Spread-ac-1024x585.png 1024w, https:\/\/www.nordics.ch\/wordpress\/wp-content\/uploads\/2023\/10\/DALL\u00b7E-2023-10-23-09.55.38-Wide-banner-style-image-showcasing-Genevas-lakeside-beauty.-The-Jet-dEau-is-prominent-its-majestic-spray-of-water-creating-a-focal-point.-Spread-ac-300x171.png 300w, https:\/\/www.nordics.ch\/wordpress\/wp-content\/uploads\/2023\/10\/DALL\u00b7E-2023-10-23-09.55.38-Wide-banner-style-image-showcasing-Genevas-lakeside-beauty.-The-Jet-dEau-is-prominent-its-majestic-spray-of-water-creating-a-focal-point.-Spread-ac-768x439.png 768w, https:\/\/www.nordics.ch\/wordpress\/wp-content\/uploads\/2023\/10\/DALL\u00b7E-2023-10-23-09.55.38-Wide-banner-style-image-showcasing-Genevas-lakeside-beauty.-The-Jet-dEau-is-prominent-its-majestic-spray-of-water-creating-a-focal-point.-Spread-ac-1536x878.png 1536w, https:\/\/www.nordics.ch\/wordpress\/wp-content\/uploads\/2023\/10\/DALL\u00b7E-2023-10-23-09.55.38-Wide-banner-style-image-showcasing-Genevas-lakeside-beauty.-The-Jet-dEau-is-prominent-its-majestic-spray-of-water-creating-a-focal-point.-Spread-ac.png 1792w\" sizes=\"(max-width: 1024px) 100vw, 1024px\" \/><\/figure>\n<\/div>\n\n\n\n<div class=\"wp-container-5 wp-block-column\" style=\"flex-basis:33.33%\">\n<p><strong>Pohjoismaiset Perinteet<\/strong>: Nauti aidoista pohjoismaisista tunnelmista tapahtumissa, kuten rapujuhlat ja monet muut juhlat, jotka heijastavat Tanskan, Suomen, Islannin, Norjan, Ruotsin ja Baltian olemusta.<\/p>\n<\/div>\n<\/div>\n\n\n\n<div class=\"wp-container-9 wp-block-columns\">\n<div class=\"wp-container-7 wp-block-column\" style=\"flex-basis:66.66%\">\n<figure class=\"wp-block-image size-large\"><img loading=\"lazy\" width=\"1024\" height=\"585\" src=\"http:\/\/www.nordics.ch\/wordpress\/wp-content\/uploads\/2023\/10\/DALL\u00b7E-2023-10-23-09.59.35-Photo-realistic-wide-image-showcasing-Genevas-historic-old-town.-The-aged-buildings-and-cobblestone-streets-are-bathed-in-the-soft-ethereal-glow-of--1024x585.png\" alt=\"\" class=\"wp-image-6456\" srcset=\"https:\/\/www.nordics.ch\/wordpress\/wp-content\/uploads\/2023\/10\/DALL\u00b7E-2023-10-23-09.59.35-Photo-realistic-wide-image-showcasing-Genevas-historic-old-town.-The-aged-buildings-and-cobblestone-streets-are-bathed-in-the-soft-ethereal-glow-of--1024x585.png 1024w, https:\/\/www.nordics.ch\/wordpress\/wp-content\/uploads\/2023\/10\/DALL\u00b7E-2023-10-23-09.59.35-Photo-realistic-wide-image-showcasing-Genevas-historic-old-town.-The-aged-buildings-and-cobblestone-streets-are-bathed-in-the-soft-ethereal-glow-of--300x171.png 300w, https:\/\/www.nordics.ch\/wordpress\/wp-content\/uploads\/2023\/10\/DALL\u00b7E-2023-10-23-09.59.35-Photo-realistic-wide-image-showcasing-Genevas-historic-old-town.-The-aged-buildings-and-cobblestone-streets-are-bathed-in-the-soft-ethereal-glow-of--768x439.png 768w, https:\/\/www.nordics.ch\/wordpress\/wp-content\/uploads\/2023\/10\/DALL\u00b7E-2023-10-23-09.59.35-Photo-realistic-wide-image-showcasing-Genevas-historic-old-town.-The-aged-buildings-and-cobblestone-streets-are-bathed-in-the-soft-ethereal-glow-of--1536x878.png 1536w, https:\/\/www.nordics.ch\/wordpress\/wp-content\/uploads\/2023\/10\/DALL\u00b7E-2023-10-23-09.59.35-Photo-realistic-wide-image-showcasing-Genevas-historic-old-town.-The-aged-buildings-and-cobblestone-streets-are-bathed-in-the-soft-ethereal-glow-of-.png 1792w\" sizes=\"(max-width: 1024px) 100vw, 1024px\" \/><\/figure>\n<\/div>\n\n\n\n<div class=\"wp-container-8 wp-block-column\" style=\"flex-basis:33.33%\">\n<p><strong>Seikkailumatkat<\/strong>: El\u00e4 j\u00e4nnityst\u00e4 hiihtoretkill\u00e4, rauhallisilla vaellusreiteill\u00e4 ja enemm\u00e4n. Koe luonnon kauneus, pohjoismaisella tavalla.<\/p>\n<\/div>\n<\/div>\n\n\n\n<div class=\"wp-container-12 wp-block-columns\">\n<div class=\"wp-container-10 wp-block-column\" style=\"flex-basis:66.66%\">\n<figure class=\"wp-block-image size-large\"><img loading=\"lazy\" width=\"1024\" height=\"585\" src=\"http:\/\/www.nordics.ch\/wordpress\/wp-content\/uploads\/2023\/10\/DALL\u00b7E-2023-10-23-10.11.44-Wide-banner-style-image-offering-a-panoramic-view-of-Genevas-skyline-dominated-by-its-historic-and-traditional-buildings.-Interspersed-among-these-s-1024x585.png\" alt=\"\" class=\"wp-image-6454\" srcset=\"https:\/\/www.nordics.ch\/wordpress\/wp-content\/uploads\/2023\/10\/DALL\u00b7E-2023-10-23-10.11.44-Wide-banner-style-image-offering-a-panoramic-view-of-Genevas-skyline-dominated-by-its-historic-and-traditional-buildings.-Interspersed-among-these-s-1024x585.png 1024w, https:\/\/www.nordics.ch\/wordpress\/wp-content\/uploads\/2023\/10\/DALL\u00b7E-2023-10-23-10.11.44-Wide-banner-style-image-offering-a-panoramic-view-of-Genevas-skyline-dominated-by-its-historic-and-traditional-buildings.-Interspersed-among-these-s-300x171.png 300w, https:\/\/www.nordics.ch\/wordpress\/wp-content\/uploads\/2023\/10\/DALL\u00b7E-2023-10-23-10.11.44-Wide-banner-style-image-offering-a-panoramic-view-of-Genevas-skyline-dominated-by-its-historic-and-traditional-buildings.-Interspersed-among-these-s-768x439.png 768w, https:\/\/www.nordics.ch\/wordpress\/wp-content\/uploads\/2023\/10\/DALL\u00b7E-2023-10-23-10.11.44-Wide-banner-style-image-offering-a-panoramic-view-of-Genevas-skyline-dominated-by-its-historic-and-traditional-buildings.-Interspersed-among-these-s-1536x878.png 1536w, https:\/\/www.nordics.ch\/wordpress\/wp-content\/uploads\/2023\/10\/DALL\u00b7E-2023-10-23-10.11.44-Wide-banner-style-image-offering-a-panoramic-view-of-Genevas-skyline-dominated-by-its-historic-and-traditional-buildings.-Interspersed-among-these-s.png 1792w\" sizes=\"(max-width: 1024px) 100vw, 1024px\" \/><\/figure>\n<\/div>\n\n\n\n<div class=\"wp-container-11 wp-block-column\" style=\"flex-basis:33.33%\">\n<p><strong>Aidot Aktiviteetit<\/strong>: Sukella pohjoismaiseen rentoutumiseen saunaseshioneilla ja paljon muulla. Se on enemm\u00e4n kuin aktiviteetti, se on perinne.<\/p>\n<\/div>\n<\/div>\n\n\n\n<p>Olitpa sitten sinkku, pari tai perhe, l\u00f6yd\u00e4t varmasti omasi t\u00e4\u00e4lt\u00e4. Liity uskomattomiin ihmisiin, omaksu uusia kokemuksia ja luodaan yhdess\u00e4 unohtumattomia muistoja! Pohjoinen seikkailusi Genevess\u00e4 alkaa t\u00e4\u00e4lt\u00e4.<\/p>\n\n\n\n<p><em>Jos olet intohimoinen Pohjoismaisista kulttuureista tai etsit vain j\u00e4nnitt\u00e4v\u00e4\u00e4 yhteis\u00f6\u00e4 Gen\u00e8vess\u00e4 ja Vaudissa, Nordics Club on sinun paikkasi.<\/em><\/p>\n","protected":false},"excerpt":{"rendered":"<p>Tervetuloa Nordics Clubiin Genevess\u00e4! Perustettu vuonna 1949 n\u00e4kemyksellisten pohjoismaalaisten toimesta, klubimme kukoistaa monimuotoisena ja dynaamisena yhteis\u00f6n\u00e4, toivottaen tervetulleeksi sek\u00e4 nuoret ett\u00e4 nuorekkaiden syd\u00e4met. Sijaitsee Genevess\u00e4, houkuttelemme j\u00e4seni\u00e4 Sveitsin ranskankielisist\u00e4 alueista, erityisesti Genev\u00e8st\u00e4 ja Vaudista, sek\u00e4 naapurimaasta Ranskasta. Liity meihin juhlimaan rikkaita pohjoismaisia perinteit\u00e4 nykyaikaisella energialla. Monipuoliset Tapahtumat: Kulttuurigaloista ja el\u00e4vist\u00e4 afterworkseista ainutlaatuisiin juhliin, kuten Oktoberfest &hellip; <a href=\"https:\/\/www.nordics.ch\/?page_id=6485\" class=\"more-link\">Continue reading <span class=\"screen-reader-text\">Koe Pohjoinen henki Genevess\u00e4!<\/span> <span class=\"meta-nav\">&rarr;<\/span><\/a><\/p>\n","protected":false},"author":9,"featured_media":0,"parent":6470,"menu_order":5,"comment_status":"closed","ping_status":"closed","template":"","meta":[],"acf":[],"_links":{"self":[{"href":"https:\/\/www.nordics.ch\/index.php?rest_route=\/wp\/v2\/pages\/6485"}],"collection":[{"href":"https:\/\/www.nordics.ch\/index.php?rest_route=\/wp\/v2\/pages"}],"about":[{"href":"https:\/\/www.nordics.ch\/index.php?rest_route=\/wp\/v2\/types\/page"}],"author":[{"embeddable":true,"href":"https:\/\/www.nordics.ch\/index.php?rest_route=\/wp\/v2\/users\/9"}],"replies":[{"embeddable":true,"href":"https:\/\/www.nordics.ch\/index.php?rest_route=%2Fwp%2Fv2%2Fcomments&post=6485"}],"version-history":[{"count":1,"href":"https:\/\/www.nordics.ch\/index.php?rest_route=\/wp\/v2\/pages\/6485\/revisions"}],"predecessor-version":[{"id":6486,"href":"https:\/\/www.nordics.ch\/index.php?rest_route=\/wp\/v2\/pages\/6485\/revisions\/6486"}],"up":[{"embeddable":true,"href":"https:\/\/www.nordics.ch\/index.php?rest_route=\/wp\/v2\/pages\/6470"}],"wp:attachment":[{"href":"https:\/\/www.nordics.ch\/index.php?rest_route=%2Fwp%2Fv2%2Fmedia&parent=6485"}],"curies":[{"name":"wp","href":"https:\/\/api.w.org\/{rel}","templated":true}]}}