{"id":6487,"date":"2024-01-13T01:48:55","date_gmt":"2024-01-13T00:48:55","guid":{"rendered":"https:\/\/www.nordics.ch\/?page_id=6487"},"modified":"2025-05-20T01:57:57","modified_gmt":"2025-05-19T23:57:57","slug":"upplifdu-norraena-anda-i-hjarta-geneve","status":"publish","type":"page","link":"https:\/\/www.nordics.ch\/?page_id=6487","title":{"rendered":"Upplif\u00f0u norr\u00e6na anda \u00ed hjarta Geneve!"},"content":{"rendered":"\n<figure class=\"wp-block-video\"><video controls src=\"https:\/\/www.nordics.ch\/wordpress\/wp-content\/uploads\/2024\/01\/Welcome-to-the-Nordics-Club-Geneva-Copy.mp4\"><\/video><\/figure>\n\n\n\n<p>Velkomin \u00ed Nordics Club \u00ed Genf! Stofna\u00f0 \u00e1ri\u00f0 1949 af skyns\u00e6rum Nor\u00f0urlandab\u00faum, bl\u00f3mstrar kl\u00fabbinn okkar sem fj\u00f6lbreytt og \u00f6flug samf\u00e9lag, sem tekur \u00e1 m\u00f3ti b\u00e6\u00f0i ungu f\u00f3lki og \u00feeim sem eru unga af ge\u00f0i. Me\u00f0 h\u00f6fu\u00f0st\u00f6\u00f0var \u00ed Genf dregur kl\u00fabbinn a\u00f0 s\u00e9r me\u00f0limi \u00far fransktalandi sv\u00e6\u00f0um Sviss, einkum Genf og Vaud, \u00e1samt n\u00e1grannalandinu Frakklandi. Komdu og fagna\u00f0u me\u00f0 okkur r\u00edkum norr\u00e6num si\u00f0um me\u00f0 n\u00fat\u00edma orku.<\/p>\n\n\n\n<figure class=\"wp-block-image size-large\"><img loading=\"lazy\" width=\"1024\" height=\"476\" src=\"http:\/\/www.nordics.ch\/wordpress\/wp-content\/uploads\/2024\/01\/why-join-us-1024x476.png\" alt=\"\" class=\"wp-image-6471\" srcset=\"https:\/\/www.nordics.ch\/wordpress\/wp-content\/uploads\/2024\/01\/why-join-us-1024x476.png 1024w, https:\/\/www.nordics.ch\/wordpress\/wp-content\/uploads\/2024\/01\/why-join-us-300x140.png 300w, https:\/\/www.nordics.ch\/wordpress\/wp-content\/uploads\/2024\/01\/why-join-us-768x357.png 768w, https:\/\/www.nordics.ch\/wordpress\/wp-content\/uploads\/2024\/01\/why-join-us.png 1200w\" sizes=\"(max-width: 1024px) 100vw, 1024px\" \/><figcaption><strong>Af hverju \u00e6ttir\u00f0u a\u00f0 ganga \u00ed okkur?<\/strong><\/figcaption><\/figure>\n\n\n\n<div class=\"wp-container-3 wp-block-columns\">\n<div class=\"wp-container-1 wp-block-column\" style=\"flex-basis:66.66%\">\n<figure class=\"wp-block-image size-large\"><img loading=\"lazy\" width=\"1024\" height=\"585\" src=\"http:\/\/www.nordics.ch\/wordpress\/wp-content\/uploads\/2023\/10\/DALL\u00b7E-2023-10-23-10.16.40-Wide-banner-style-image-presenting-a-harmonious-blend-of-Finnish-and-Genevan-culture.-On-the-shores-of-Lake-Geneva-or-perhaps-floating-atop-its-gentl-1024x585.png\" alt=\"\" class=\"wp-image-6455\" srcset=\"https:\/\/www.nordics.ch\/wordpress\/wp-content\/uploads\/2023\/10\/DALL\u00b7E-2023-10-23-10.16.40-Wide-banner-style-image-presenting-a-harmonious-blend-of-Finnish-and-Genevan-culture.-On-the-shores-of-Lake-Geneva-or-perhaps-floating-atop-its-gentl-1024x585.png 1024w, https:\/\/www.nordics.ch\/wordpress\/wp-content\/uploads\/2023\/10\/DALL\u00b7E-2023-10-23-10.16.40-Wide-banner-style-image-presenting-a-harmonious-blend-of-Finnish-and-Genevan-culture.-On-the-shores-of-Lake-Geneva-or-perhaps-floating-atop-its-gentl-300x171.png 300w, https:\/\/www.nordics.ch\/wordpress\/wp-content\/uploads\/2023\/10\/DALL\u00b7E-2023-10-23-10.16.40-Wide-banner-style-image-presenting-a-harmonious-blend-of-Finnish-and-Genevan-culture.-On-the-shores-of-Lake-Geneva-or-perhaps-floating-atop-its-gentl-768x439.png 768w, https:\/\/www.nordics.ch\/wordpress\/wp-content\/uploads\/2023\/10\/DALL\u00b7E-2023-10-23-10.16.40-Wide-banner-style-image-presenting-a-harmonious-blend-of-Finnish-and-Genevan-culture.-On-the-shores-of-Lake-Geneva-or-perhaps-floating-atop-its-gentl-1536x878.png 1536w, https:\/\/www.nordics.ch\/wordpress\/wp-content\/uploads\/2023\/10\/DALL\u00b7E-2023-10-23-10.16.40-Wide-banner-style-image-presenting-a-harmonious-blend-of-Finnish-and-Genevan-culture.-On-the-shores-of-Lake-Geneva-or-perhaps-floating-atop-its-gentl.png 1792w\" sizes=\"(max-width: 1024px) 100vw, 1024px\" \/><\/figure>\n<\/div>\n\n\n\n<div class=\"wp-container-2 wp-block-column\" style=\"flex-basis:33.33%\">\n<p><strong>Margv\u00edsleg Vi\u00f0bur\u00f0i<\/strong>: Fr\u00e1 menningarh\u00e1t\u00ed\u00f0um og kr\u00fattlegum afterworks, til einstakra h\u00e1t\u00ed\u00f0a eins og Oktoberfest og rafmagna\u00f0ra Eurovision, er eitthva\u00f0 fyrir alla h\u00e9r.<\/p>\n\n\n\n<p><\/p>\n<\/div>\n<\/div>\n\n\n\n<div class=\"wp-container-6 wp-block-columns\">\n<div class=\"wp-container-4 wp-block-column\" style=\"flex-basis:66.66%\">\n<figure class=\"wp-block-image size-large\"><img loading=\"lazy\" width=\"1024\" height=\"585\" src=\"http:\/\/www.nordics.ch\/wordpress\/wp-content\/uploads\/2023\/10\/DALL\u00b7E-2023-10-23-09.55.38-Wide-banner-style-image-showcasing-Genevas-lakeside-beauty.-The-Jet-dEau-is-prominent-its-majestic-spray-of-water-creating-a-focal-point.-Spread-ac-1024x585.png\" alt=\"\" class=\"wp-image-6452\" srcset=\"https:\/\/www.nordics.ch\/wordpress\/wp-content\/uploads\/2023\/10\/DALL\u00b7E-2023-10-23-09.55.38-Wide-banner-style-image-showcasing-Genevas-lakeside-beauty.-The-Jet-dEau-is-prominent-its-majestic-spray-of-water-creating-a-focal-point.-Spread-ac-1024x585.png 1024w, https:\/\/www.nordics.ch\/wordpress\/wp-content\/uploads\/2023\/10\/DALL\u00b7E-2023-10-23-09.55.38-Wide-banner-style-image-showcasing-Genevas-lakeside-beauty.-The-Jet-dEau-is-prominent-its-majestic-spray-of-water-creating-a-focal-point.-Spread-ac-300x171.png 300w, https:\/\/www.nordics.ch\/wordpress\/wp-content\/uploads\/2023\/10\/DALL\u00b7E-2023-10-23-09.55.38-Wide-banner-style-image-showcasing-Genevas-lakeside-beauty.-The-Jet-dEau-is-prominent-its-majestic-spray-of-water-creating-a-focal-point.-Spread-ac-768x439.png 768w, https:\/\/www.nordics.ch\/wordpress\/wp-content\/uploads\/2023\/10\/DALL\u00b7E-2023-10-23-09.55.38-Wide-banner-style-image-showcasing-Genevas-lakeside-beauty.-The-Jet-dEau-is-prominent-its-majestic-spray-of-water-creating-a-focal-point.-Spread-ac-1536x878.png 1536w, https:\/\/www.nordics.ch\/wordpress\/wp-content\/uploads\/2023\/10\/DALL\u00b7E-2023-10-23-09.55.38-Wide-banner-style-image-showcasing-Genevas-lakeside-beauty.-The-Jet-dEau-is-prominent-its-majestic-spray-of-water-creating-a-focal-point.-Spread-ac.png 1792w\" sizes=\"(max-width: 1024px) 100vw, 1024px\" \/><\/figure>\n<\/div>\n\n\n\n<div class=\"wp-container-5 wp-block-column\" style=\"flex-basis:33.33%\">\n<p><strong>Norr\u00e6n Si\u00f0i<\/strong>: Nj\u00f3ttu sanns norr\u00e6ns andans me\u00f0 vi\u00f0bur\u00f0um eins og krabbad\u00f6gum og \u00f6\u00f0rum h\u00e1t\u00ed\u00f0um sem endurspegla essens Danmerkur, Finnlands, \u00cdslands, Noregs, Sv\u00ed\u00fej\u00f3\u00f0ar og Balta.<\/p>\n<\/div>\n<\/div>\n\n\n\n<div class=\"wp-container-9 wp-block-columns\">\n<div class=\"wp-container-7 wp-block-column\" style=\"flex-basis:66.66%\">\n<figure class=\"wp-block-image size-large\"><img loading=\"lazy\" width=\"1024\" height=\"585\" src=\"http:\/\/www.nordics.ch\/wordpress\/wp-content\/uploads\/2023\/10\/DALL\u00b7E-2023-10-23-09.59.35-Photo-realistic-wide-image-showcasing-Genevas-historic-old-town.-The-aged-buildings-and-cobblestone-streets-are-bathed-in-the-soft-ethereal-glow-of--1024x585.png\" alt=\"\" class=\"wp-image-6456\" srcset=\"https:\/\/www.nordics.ch\/wordpress\/wp-content\/uploads\/2023\/10\/DALL\u00b7E-2023-10-23-09.59.35-Photo-realistic-wide-image-showcasing-Genevas-historic-old-town.-The-aged-buildings-and-cobblestone-streets-are-bathed-in-the-soft-ethereal-glow-of--1024x585.png 1024w, https:\/\/www.nordics.ch\/wordpress\/wp-content\/uploads\/2023\/10\/DALL\u00b7E-2023-10-23-09.59.35-Photo-realistic-wide-image-showcasing-Genevas-historic-old-town.-The-aged-buildings-and-cobblestone-streets-are-bathed-in-the-soft-ethereal-glow-of--300x171.png 300w, https:\/\/www.nordics.ch\/wordpress\/wp-content\/uploads\/2023\/10\/DALL\u00b7E-2023-10-23-09.59.35-Photo-realistic-wide-image-showcasing-Genevas-historic-old-town.-The-aged-buildings-and-cobblestone-streets-are-bathed-in-the-soft-ethereal-glow-of--768x439.png 768w, https:\/\/www.nordics.ch\/wordpress\/wp-content\/uploads\/2023\/10\/DALL\u00b7E-2023-10-23-09.59.35-Photo-realistic-wide-image-showcasing-Genevas-historic-old-town.-The-aged-buildings-and-cobblestone-streets-are-bathed-in-the-soft-ethereal-glow-of--1536x878.png 1536w, https:\/\/www.nordics.ch\/wordpress\/wp-content\/uploads\/2023\/10\/DALL\u00b7E-2023-10-23-09.59.35-Photo-realistic-wide-image-showcasing-Genevas-historic-old-town.-The-aged-buildings-and-cobblestone-streets-are-bathed-in-the-soft-ethereal-glow-of-.png 1792w\" sizes=\"(max-width: 1024px) 100vw, 1024px\" \/><\/figure>\n<\/div>\n\n\n\n<div class=\"wp-container-8 wp-block-column\" style=\"flex-basis:33.33%\">\n<p><strong>\u00c6vint\u00fdrafer\u00f0ir<\/strong>: Upplif\u00f0u spennuna me\u00f0 sk\u00ed\u00f0afer\u00f0um, fri\u00f0s\u00e6lum g\u00f6ngufer\u00f0um og meira. Upplif\u00f0u n\u00e1tt\u00farufegur\u00f0, \u00e1 norr\u00e6nan h\u00e1tt.<\/p>\n<\/div>\n<\/div>\n\n\n\n<div class=\"wp-container-12 wp-block-columns\">\n<div class=\"wp-container-10 wp-block-column\" style=\"flex-basis:66.66%\">\n<figure class=\"wp-block-image size-large\"><img loading=\"lazy\" width=\"1024\" height=\"585\" src=\"http:\/\/www.nordics.ch\/wordpress\/wp-content\/uploads\/2023\/10\/DALL\u00b7E-2023-10-23-10.11.44-Wide-banner-style-image-offering-a-panoramic-view-of-Genevas-skyline-dominated-by-its-historic-and-traditional-buildings.-Interspersed-among-these-s-1024x585.png\" alt=\"\" class=\"wp-image-6454\" srcset=\"https:\/\/www.nordics.ch\/wordpress\/wp-content\/uploads\/2023\/10\/DALL\u00b7E-2023-10-23-10.11.44-Wide-banner-style-image-offering-a-panoramic-view-of-Genevas-skyline-dominated-by-its-historic-and-traditional-buildings.-Interspersed-among-these-s-1024x585.png 1024w, https:\/\/www.nordics.ch\/wordpress\/wp-content\/uploads\/2023\/10\/DALL\u00b7E-2023-10-23-10.11.44-Wide-banner-style-image-offering-a-panoramic-view-of-Genevas-skyline-dominated-by-its-historic-and-traditional-buildings.-Interspersed-among-these-s-300x171.png 300w, https:\/\/www.nordics.ch\/wordpress\/wp-content\/uploads\/2023\/10\/DALL\u00b7E-2023-10-23-10.11.44-Wide-banner-style-image-offering-a-panoramic-view-of-Genevas-skyline-dominated-by-its-historic-and-traditional-buildings.-Interspersed-among-these-s-768x439.png 768w, https:\/\/www.nordics.ch\/wordpress\/wp-content\/uploads\/2023\/10\/DALL\u00b7E-2023-10-23-10.11.44-Wide-banner-style-image-offering-a-panoramic-view-of-Genevas-skyline-dominated-by-its-historic-and-traditional-buildings.-Interspersed-among-these-s-1536x878.png 1536w, https:\/\/www.nordics.ch\/wordpress\/wp-content\/uploads\/2023\/10\/DALL\u00b7E-2023-10-23-10.11.44-Wide-banner-style-image-offering-a-panoramic-view-of-Genevas-skyline-dominated-by-its-historic-and-traditional-buildings.-Interspersed-among-these-s.png 1792w\" sizes=\"(max-width: 1024px) 100vw, 1024px\" \/><\/figure>\n<\/div>\n\n\n\n<div class=\"wp-container-11 wp-block-column\" style=\"flex-basis:33.33%\">\n<p><strong>Eiginleg Starfsemi<\/strong>: Kaf\u00f0u \u00ed norr\u00e6nt af\u00fereyingu me\u00f0 \u00fev\u00ed a\u00f0 fara \u00ed gu\u00f0veikar saunafer\u00f0ir og miki\u00f0 meira. \u00deetta er meira en einungis starfsemi, \u00feetta er hef\u00f0.<\/p>\n<\/div>\n<\/div>\n\n\n\n<p>Hvort sem \u00fe\u00fa ert einhleypur, \u00ed sambandi e\u00f0a me\u00f0 fj\u00f6lskyldu, \u00fe\u00e1 muntu finna \u00feitt folk h\u00e9r. Tengstu fr\u00e1b\u00e6rri f\u00e9l\u00f6gum, gleym \u00fe\u00e9r \u00ed n\u00fdjum upplifunum, og skapum \u00f3gleymanlega minningar saman! Norr\u00e6na \u00e6vint\u00fdri\u00f0 \u00feitt \u00ed Gen\u00e8ve byrjar h\u00e9r.<\/p>\n\n\n\n<p><em>Fyrir \u00fe\u00e1 sem brenna fyrir norr\u00e6num menningararfi e\u00f0a leita a\u00f0 spennandi samf\u00e9lagi \u00ed Gen\u00e8ve og Vaud, er Nordics Club \u00feinn sta\u00f0ur.<\/em><\/p>\n","protected":false},"excerpt":{"rendered":"<p>Velkomin \u00ed Nordics Club \u00ed Genf! Stofna\u00f0 \u00e1ri\u00f0 1949 af skyns\u00e6rum Nor\u00f0urlandab\u00faum, bl\u00f3mstrar kl\u00fabbinn okkar sem fj\u00f6lbreytt og \u00f6flug samf\u00e9lag, sem tekur \u00e1 m\u00f3ti b\u00e6\u00f0i ungu f\u00f3lki og \u00feeim sem eru unga af ge\u00f0i. Me\u00f0 h\u00f6fu\u00f0st\u00f6\u00f0var \u00ed Genf dregur kl\u00fabbinn a\u00f0 s\u00e9r me\u00f0limi \u00far fransktalandi sv\u00e6\u00f0um Sviss, einkum Genf og Vaud, \u00e1samt n\u00e1grannalandinu Frakklandi. Komdu &hellip; <a href=\"https:\/\/www.nordics.ch\/?page_id=6487\" class=\"more-link\">Continue reading <span class=\"screen-reader-text\">Upplif\u00f0u norr\u00e6na anda \u00ed hjarta Geneve!<\/span> <span class=\"meta-nav\">&rarr;<\/span><\/a><\/p>\n","protected":false},"author":9,"featured_media":0,"parent":6470,"menu_order":6,"comment_status":"closed","ping_status":"closed","template":"","meta":[],"acf":[],"_links":{"self":[{"href":"https:\/\/www.nordics.ch\/index.php?rest_route=\/wp\/v2\/pages\/6487"}],"collection":[{"href":"https:\/\/www.nordics.ch\/index.php?rest_route=\/wp\/v2\/pages"}],"about":[{"href":"https:\/\/www.nordics.ch\/index.php?rest_route=\/wp\/v2\/types\/page"}],"author":[{"embeddable":true,"href":"https:\/\/www.nordics.ch\/index.php?rest_route=\/wp\/v2\/users\/9"}],"replies":[{"embeddable":true,"href":"https:\/\/www.nordics.ch\/index.php?rest_route=%2Fwp%2Fv2%2Fcomments&post=6487"}],"version-history":[{"count":1,"href":"https:\/\/www.nordics.ch\/index.php?rest_route=\/wp\/v2\/pages\/6487\/revisions"}],"predecessor-version":[{"id":6488,"href":"https:\/\/www.nordics.ch\/index.php?rest_route=\/wp\/v2\/pages\/6487\/revisions\/6488"}],"up":[{"embeddable":true,"href":"https:\/\/www.nordics.ch\/index.php?rest_route=\/wp\/v2\/pages\/6470"}],"wp:attachment":[{"href":"https:\/\/www.nordics.ch\/index.php?rest_route=%2Fwp%2Fv2%2Fmedia&parent=6487"}],"curies":[{"name":"wp","href":"https:\/\/api.w.org\/{rel}","templated":true}]}}